{"id":2,"date":"2017-07-03T13:14:08","date_gmt":"2017-07-03T13:14:08","guid":{"rendered":"http:\/\/www.jamika.sk\/?page_id=2"},"modified":"2021-01-31T21:28:32","modified_gmt":"2021-01-31T21:28:32","slug":"vazeni-klienti","status":"publish","type":"page","link":"https:\/\/www.jamika.sk\/","title":{"rendered":"V\u00e1\u017een\u00ed klienti,"},"content":{"rendered":"<p>dovo\u013eujeme si V\u00e1m ozn\u00e1mi\u0165, \u017ee od <strong>1.1.2020<\/strong> CA Jamika m\u00e1 do\u010dasne pozastaven\u00fa \u010dinnos\u0165 prev\u00e1dzkovania cestovnej agent\u00fary.<\/p>\n<p>\u010eakujeme za pochopenie.<\/p>\n<p>CA Jamika<\/p>\n","protected":false},"excerpt":{"rendered":"<p>dovo\u013eujeme si V\u00e1m ozn\u00e1mi\u0165, \u017ee od 1.1.2020 CA Jamika m\u00e1 do\u010dasne pozastaven\u00fa \u010dinnos\u0165 prev\u00e1dzkovania cestovnej agent\u00fary. \u010eakujeme za pochopenie. CA Jamika<\/p>\n","protected":false},"author":1,"featured_media":0,"parent":0,"menu_order":0,"comment_status":"closed","ping_status":"closed","template":"","meta":[],"_links":{"self":[{"href":"https:\/\/www.jamika.sk\/index.php?rest_route=\/wp\/v2\/pages\/2"}],"collection":[{"href":"https:\/\/www.jamika.sk\/index.php?rest_route=\/wp\/v2\/pages"}],"about":[{"href":"https:\/\/www.jamika.sk\/index.php?rest_route=\/wp\/v2\/types\/page"}],"author":[{"embeddable":true,"href":"https:\/\/www.jamika.sk\/index.php?rest_route=\/wp\/v2\/users\/1"}],"replies":[{"embeddable":true,"href":"https:\/\/www.jamika.sk\/index.php?rest_route=%2Fwp%2Fv2%2Fcomments&post=2"}],"version-history":[{"count":13,"href":"https:\/\/www.jamika.sk\/index.php?rest_route=\/wp\/v2\/pages\/2\/revisions"}],"predecessor-version":[{"id":275,"href":"https:\/\/www.jamika.sk\/index.php?rest_route=\/wp\/v2\/pages\/2\/revisions\/275"}],"wp:attachment":[{"href":"https:\/\/www.jamika.sk\/index.php?rest_route=%2Fwp%2Fv2%2Fmedia&parent=2"}],"curies":[{"name":"wp","href":"https:\/\/api.w.org\/{rel}","templated":true}]}}